{"id":10,"date":"2024-02-25T19:04:45","date_gmt":"2024-02-25T19:04:45","guid":{"rendered":"http:\/\/dolipor.com\/?page_id=10"},"modified":"2024-02-25T19:04:46","modified_gmt":"2024-02-25T19:04:46","slug":"historia-firmy","status":"publish","type":"page","link":"http:\/\/dolipor.com\/index.php\/historia-firmy\/","title":{"rendered":"Historia Firmy"},"content":{"rendered":"\n<p>Firma DOLIPOR- HOLDING ENTERPRISE<br>jest Zespo\u0142em starannie dobranych Specjalist\u00f3w, Firm &#8211; Partner\u00f3w i Przedstawicieli Wolnych Zawod\u00f3w z wieloletnim do\u015bwiadczeniem w przygotowaniu i realizacji inwestycji. Historia si\u0119ga roku 1974 roku w kt\u00f3rym powsta\u0142a jako firma rodzinna. W 1991 roku przekszta\u0142cona zosta\u0142a w Sp\u00f3\u0142k\u0119 z ograniczon\u0105 odpowiedzialno\u015bci\u0105 Dolipor-Holding w Bydgoszczy, od 1 stycznia 2001 przeniesiono siedzib\u0119 do Warszawy i przekszta\u0142ci\u0142a si\u0119 w Sp\u00f3\u0142k\u0119 Akcyjn\u0105, kt\u00f3rej nazwa brzmi Dolipor- Holding Enterprise S.A. Od 1 maja 2017 Siedziba firmy mie\u015bci sie w Gdyni.<\/p>\n\n\n\n<p>Przedsi\u0119biorstwo prowadzi w ramach holdingu sp\u00f3\u0142ek wsp\u00f3ln\u0105 dzia\u0142alno\u015b\u0107 nast\u0119puj\u0105cymi firmami:<\/p>\n\n\n\n<ul>\n<li>DEVELOPMENT sp. z o.o.- Szubin<\/li>\n\n\n\n<li>AMERCO Ltd Co.- Kutno \u2013 bioetanol<\/li>\n\n\n\n<li>AMCOPOL Ltd Co.- nowe technologie budownictwa<\/li>\n\n\n\n<li>HYDROMEL sp. z o.o. \u2013 Sieradz<\/li>\n\n\n\n<li>RESIDDENT sp. z o.o. &#8211; Gdynia<\/li>\n\n\n\n<li>POWER WASTE Polska sp. z o.o.- Kutno<\/li>\n\n\n\n<li>PODLASKA SP\u00d3\u0141DZIELNIA MIESZKANIOWA &#8211; Bia\u0142ymstok<br>Jako firma \u201eMatka\u201d posiada ponad 50% udzia\u0142\u00f3w w wy\u017cej wymienionych sp\u00f3\u0142kach, przy czym ka\u017cda z nich pozostaje na w\u0142asnym rozrachunku gospodarczym .<br>Sp\u00f3\u0142ki te wsp\u00f3\u0142pracuj\u0105 ze sob\u0105 na zasadzie partnerstwa, wykonuj\u0105 tak\u017ce prace dla innych zleceniodawc\u00f3w.<br>W latach 90-tych sp\u00f3\u0142ka zajmowa\u0142a si\u0119 projektowaniem i budow\u0105 rozlewni gazu propan-butan jak r\u00f3wnie\u017c stacji tankowania pojazd\u00f3w samochodowych.<br>W roku 2011, DOLIPOR-HOLDING ENTERPRISE S.A. powo\u0142a\u0142a Inwestycyjn\u0105 Sp\u00f3\u0142dzielnie Mieszkaniow\u0105 w celu rozpocz\u0119cia inwestycji polegaj\u0105cej na budowie dom\u00f3w wielorodzinnych na prawie sp\u00f3\u0142dzielczym, co gwarantuje zakup mieszka\u0144 bez zdolno\u015bci kredytowej i z minimalnym nak\u0142adem finansowym cz\u0142onk\u00f3w sp\u00f3\u0142dzielni.<\/li>\n<\/ul>\n","protected":false},"excerpt":{"rendered":"<p>Firma DOLIPOR- HOLDING ENTERPRISEjest Zespo\u0142em starannie dobranych Specjalist\u00f3w, Firm &#8211; Partner\u00f3w i Przedstawicieli Wolnych Zawod\u00f3w z wieloletnim do\u015bwiadczeniem w przygotowaniu i realizacji inwestycji. Historia si\u0119ga&hellip;<\/p>\n","protected":false},"author":1,"featured_media":0,"parent":0,"menu_order":0,"comment_status":"closed","ping_status":"closed","template":"","meta":{"footnotes":""},"_links":{"self":[{"href":"http:\/\/dolipor.com\/index.php\/wp-json\/wp\/v2\/pages\/10"}],"collection":[{"href":"http:\/\/dolipor.com\/index.php\/wp-json\/wp\/v2\/pages"}],"about":[{"href":"http:\/\/dolipor.com\/index.php\/wp-json\/wp\/v2\/types\/page"}],"author":[{"embeddable":true,"href":"http:\/\/dolipor.com\/index.php\/wp-json\/wp\/v2\/users\/1"}],"replies":[{"embeddable":true,"href":"http:\/\/dolipor.com\/index.php\/wp-json\/wp\/v2\/comments?post=10"}],"version-history":[{"count":1,"href":"http:\/\/dolipor.com\/index.php\/wp-json\/wp\/v2\/pages\/10\/revisions"}],"predecessor-version":[{"id":11,"href":"http:\/\/dolipor.com\/index.php\/wp-json\/wp\/v2\/pages\/10\/revisions\/11"}],"wp:attachment":[{"href":"http:\/\/dolipor.com\/index.php\/wp-json\/wp\/v2\/media?parent=10"}],"curies":[{"name":"wp","href":"https:\/\/api.w.org\/{rel}","templated":true}]}}